t i(b) = 12 + 2*b - 7*b - b + 3*b. What is the remainder when i(-4) is divided by 9?
6
Let r(u) = u + 41. Suppose 0 = 4*y - 7*y + 39. Suppose -y*l + 11 = -12*l. What is the remainder when r(0) is divided by l?
8
What is the remainder when (-112272)/(-132) + 6 + 12/(-22) is divided by 26?
24
Let x(d) = 4*d + 9. Let k(q) = -9*q - 19. Let b(y) = 3*k(y) + 7*x(y). What is the remainder when 8 is divided by b(-3)?
2
Suppose -2*f + m - 9 = -0, -2*m = -6. What is the remainder when 3 is divided by (f - -4)*6/3?
1
Let h(g) = -118*g - 217. Calculate the remainder when 421 is divided by h(-3).
10
Let z = 856 - 845. Calculate the remainder when 40 is divided by z.
7
Suppose -4*p - d + 11 = 0, 5*p - d = 2 + 5. Suppose -11 = -p*n - c, 9 = 2*n - c - 0*c. What is the remainder when 32 is divided by (-3)/(n/(165/(-9)))?
10
Suppose 100 = 2*r + 4*k - 8, 90 = 2*r - 2*k. Calculate the remainder when 106 is divided by r.
10
Let j(i) = 14*i**3 - 2*i**2 + 3*i - 3. What is the remainder when j(1) is divided by 4?
0
Suppose -s + 224 = 98. Calculate the remainder when s is divided by 16.
14
Let n(a) = -a**2 + 10*a - 10. Calculate the remainder when 19 is divided by n(2).
1
Suppose -5*c + 150 = -k, 3*k - 8*k + 25 = 0. Let d be 6/(-21) - (-284)/14. Let g = c - d. Calculate the remainder when g is divided by 3.
2
Let a = 171 - -181. Suppose -x - 3*x + a = 0. Suppose -84 = -3*f + 2*j, 5*f - 91 - 71 = -4*j. What is the remainder when x is divided by f?
28
Let s = -332 + 854. Suppose b + 8*b - s = 0. Calculate the remainder when b is divided by 30.
28
Suppose -4*y + 59 = -3*a, 2*a + 2*a = 12. Let i(w) = -2*w**2 - 38*w - 19. What is the remainder when i(-15) is divided by y?
16
Let b(a) = -4*a**3 + 3*a**2 + a - 2. What is the remainder when b(-3) is divided by 6?
4
Let v be (3 - (1 + 2))/(-2 + 1). Let a(b) = -b**3 - b**2 + 23. What is the remainder when 42 is divided by a(v)?
19
Suppose -5*d - 2*z = -10, 5*d - 8 - 2 = -4*z. Let w be (-17 - -38)*d/6. Suppose -w*r = -442 - 83. What is the remainder when r is divided by 19?
18
Let q(b) = 31 + 5 + 14*b - 83. Calculate the remainder when 97 is divided by q(4).
7
Let y(z) = z**2 - 2*z - 2. Let j(w) = -11 + 2*w**2 + 0*w - 15 - w + 34. What is the remainder when j(4) is divided by y(5)?
10
Let j(w) = w**3 + 10*w**2 - w - 8. Let z be j(-10). Suppose -z*q = 2*q - 56. Suppose 4*r - 26 - q = 0. Calculate the remainder when 19 is divided by r.
9
Suppose 5*s - 4*s = 38. Suppose 0 = 2*w - s - 16. Suppose -4*k + k + w = 0. What is the remainder when 34 is divided by k?
7
Suppose 2*m + 5*x = -40, 2*x + x + 32 = -2*m. Let r = -7 - m. Suppose -r*w = 2*w - 45. What is the remainder when 17 is divided by w?
8
Let s(f) = 10*f - 10. Let k = 55 + -53. What is the remainder when 14 is divided by s(k)?
4
Let y(d) = -4*d + 3. Let c be y(2). Let h be c/(20/(-12)) - 1. Suppose 2*o = 3*o - h. What is the remainder when o is divided by 1?
0
Suppose -84*d + 75*d = -72. Calculate the remainder when 10 is divided by d.
2
Suppose -23 = -4*y + 41. Calculate the remainder when 109 is divided by y.
13
Let s(h) = -38 + 21 + 11 - 2*h. What is the remainder when 94 is divided by s(-16)?
16
Suppose b = -3*t - t + 66, 2*t = 2*b + 28. What is the remainder when 38 - (7 - (-3 + 3)) is divided by t?
15
Suppose 0 = -10*k - 14 + 44. What is the remainder when 427/28 + k/(-12) is divided by 10?
5
Let t(q) = -2*q**3 + 10*q**2 - 2. Let s be 0 + 1 + (-15)/(-5). Calculate the remainder when t(s) is divided by 16.
14
Let o(x) = -x + 19. Suppose 2*u - 6 - 4 = 0. What is the remainder when o(10) is divided by u?
4
Suppose -3*u - 5*d = -2*u - 18, 2*u = -5*d + 21. Let w(p) = -20*p + 1 + 7*p + 14*p + p**2. What is the remainder when w(2) is divided by u?
1
Suppose 48*o - 44*o - 240 = 0. What is the remainder when 116 is divided by o?
56
Let w(t) be the first derivative of 3*t**2 + 2*t + 7. Let p(g) = -g**3 - g**2 + 16. What is the remainder when w(10) is divided by p(0)?
14
Let h(j) = j**2 - 9*j - 7. Let m be ((-10)/2)/(-2 + 1). Suppose m*t + 18 = -2*k + 4*k, 0 = t + 2. What is the remainder when k is divided by h(10)?
1
Suppose 8216 = -13*i - 0*i. Let u(q) = -11*q - 2. What is the remainder when u(-3) is divided by (-4)/14 + 10/((-560)/i)?
9
Suppose -17*x = -23*x - 930. Let c = 170 + x. Let p = -103 - -145. What is the remainder when p is divided by c?
12
Suppose -5*p = -12*i + 9*i + 88, 58 = 2*i - 4*p. Calculate the remainder when 338 is divided by i.
28
Let p(q) = 2*q**3 + q**2 + 7*q - 9. What is the remainder when 68 is divided by p(2)?
18
Let m(t) = -t**3 - 26*t**2 - 51*t - 49. Suppose i + 2 + 0 = -5*z, -3*i - 2*z = -33. What is the remainder when m(-24) is divided by i?
10
Let v(c) = -20*c + 26. What is the remainder when v(0) is divided by 12?
2
Let c = 2639 + -1991. What is the remainder when c is divided by 131?
124
Suppose 0*t + 5*t - j = 1940, -4*j = 0. What is the remainder when t is divided by 28?
24
Suppose 4*g - 2*n + 50 = 82, 4*g = -4*n + 20. What is the remainder when 95 is divided by g?
4
Suppose 0 = -8*j + 9*j - 287. Suppose i + 3*g + 219 - 76 = 0, 5*g = -2*i - j. Calculate the remainder when (-12)/(-6)*i/(-4) is divided by 25.
23
Suppose -a + 5*a = 248. Suppose 0 = -11*h + 16*h - 80. Calculate the remainder when a is divided by h.
14
Let m(j) = j + 8. Calculate the remainder when 62 is divided by m(9).
11
Suppose -110 = 3*c - 35. Let j be (-1)/(-5) - 70/c. Suppose 5*v = 2*v + j, 15 = 2*b + 3*v. What is the remainder when b is divided by 4?
2
What is the remainder when (-934)/(-10) + 150/(-375) is divided by 34?
25
Let t be -1 - (-2)/(-2) - 7. Let k(m) be the first derivative of -6*m**2 - 18*m + 134. What is the remainder when k(t) is divided by 23?
21
Let x = -90 - -154. Suppose -2*v = -c - v - 3, 5*c - v + 19 = 0. Calculate the remainder when x is divided by (c/(-3))/(2 - (-256)/(-132)).
20
Let t(p) = 17*p**2 + 3*p - 2. Let q be (15/6 - 2)*2. What is the remainder when 40 is divided by t(q)?
4
Let n(j) be the second derivative of j**5/20 + 3*j**4/4 + 2*j**3/3 + j**2 - 19*j. Calculate the remainder when n(-5) is divided by 17.
14
Suppose 33*b - 1395 = 1047. What is the remainder when 132 is divided by b?
58
Suppose -191*a + 192*a - 9 = 0. What is the remainder when (-3)/(-5) + 231/15 is divided by a?
7
Suppose 8*g - 320 = 4*g. What is the remainder when g is divided by (-1 - 2)*(-2 + 175/(-15))?
39
Suppose 24*j - 52*j + 3304 = 0. What is the remainder when j is divided by 8?
6
Let j(p) = -2*p**2 + 24*p + 61. Calculate the remainder when j(13) is divided by 14.
7
Suppose 5*t + 4*z = 2*t + 225, 3*t - 222 = -5*z. What is the remainder when 310 is divided by t?
73
Let y be 0 - -5*12 - 2. Suppose -2*o + 4 = -2*u - 16, -4*o - 5*u = -y. Calculate the remainder when ((-3)/(-2))/((-3)/(-90)) is divided by o.
9
Suppose 0 = -8*k + k + 238. Calculate the remainder when 105 is divided by k.
3
Suppose -5*q - n - 2*n = -191, q = 2*n + 33. Let o(b) = 41*b + 22. What is the remainder when o(3) is divided by q?
34
Suppose 4*x = -2*g + 66, 4*x - 4*g - 6 = 90. What is the remainder when 48 is divided by x?
10
Let k(z) = z**2 + 3*z - 7. Let f be k(-5). Let j(r) = -r**3 + 4*r**2 + 3*r - 3. Calculate the remainder when j(f) is divided by (-2)/(-11) + (-20)/(-11) + 2.
3
What is the remainder when 101 is divided by (-550)/(-75)*24/44?
1
Let c = 238 + -243. Let r(t) = t**3 + 2*t**2 - 17*t - 4. What is the remainder when 1/1*(9 - -2) is divided by r(c)?
5
Let i = 35 + -18. Suppose -8*g - 519 = -4*n - n, 5*n + 5*g = 480. What is the remainder when n is divided by i?
14
Suppose -5*t + 11 + 14 = 0. Calculate the remainder when t*((-6)/(-15) - (-2)/5) is divided by 2.
0
Suppose 0 = -5*z + 23 - 103. Let n = z + 32. Suppose -3 = -w - 4*m + 1, -w + n = -2*m. Calculate the remainder when 46 is divided by w.
10
Let j = 3622 + -3617. What is the remainder when (-1 + 6)*(-18)/(-5) is divided by j?
3
Let d(k) = -k**2 + 17. Calculate the remainder when d(3) is divided by 5.
3
What is the remainder when -2 + (6491/21 - 2/21) is divided by 7?
6
Let x be (-279)/(-15)*-3*(-10)/3. What is the remainder when 34 is divided by 4/(72/x) + 8/(-6)?
7
Suppose 7*r - 4*r + 2*b = 13, -5*r + 5*b = -5. Calculate the remainder when (-46)/(-1) - (-7 + r) is divided by 26.
24
Suppose -12*n = -14*n + 8. Let x = -10 + 5.